ulate the remainder when 25708 is divided by 12848.
12
Calculate the remainder when 117642 is divided by 15.
12
Calculate the remainder when 4229743 is divided by 65.
63
Calculate the remainder when 5820 is divided by 182.
178
What is the remainder when 566188 is divided by 283091?
6
Calculate the remainder when 19431 is divided by 329.
20
What is the remainder when 2797 is divided by 852?
241
What is the remainder when 684 is divided by 131?
29
What is the remainder when 8854 is divided by 1792?
1686
Calculate the remainder when 10240 is divided by 353.
3
Calculate the remainder when 6602 is divided by 450.
302
What is the remainder when 12322 is divided by 236?
50
What is the remainder when 18657 is divided by 809?
50
Calculate the remainder when 123101 is divided by 9469.
4
Calculate the remainder when 72727 is divided by 577.
25
What is the remainder when 836 is divided by 387?
62
Calculate the remainder when 581463 is divided by 290725.
13
What is the remainder when 30532 is divided by 14?
12
What is the remainder when 26001 is divided by 1299?
21
What is the remainder when 4192 is divided by 815?
117
What is the remainder when 449879 is divided by 60?
59
What is the remainder when 90837 is divided by 683?
681
Calculate the remainder when 133118 is divided by 29.
8
What is the remainder when 10150 is divided by 1225?
350
Calculate the remainder when 3524 is divided by 120.
44
Calculate the remainder when 4122 is divided by 57.
18
What is the remainder when 57123 is divided by 236?
11
Calculate the remainder when 38377 is divided by 38.
35
Calculate the remainder when 149371 is divided by 349.
348
Calculate the remainder when 4992567 is divided by 2214.
2211
What is the remainder when 9966 is divided by 23?
7
What is the remainder when 79868 is divided by 8873?
11
Calculate the remainder when 18318 is divided by 611.
599
Calculate the remainder when 192726 is divided by 38.
28
What is the remainder when 181 is divided by 131?
50
What is the remainder when 3639 is divided by 682?
229
Calculate the remainder when 2077 is divided by 89.
30
What is the remainder when 38195 is divided by 9407?
567
What is the remainder when 298517 is divided by 22?
21
Calculate the remainder when 2460 is divided by 1665.
795
Calculate the remainder when 1145 is divided by 219.
50
Calculate the remainder when 1188 is divided by 16.
4
Calculate the remainder when 12058 is divided by 328.
250
What is the remainder when 3222 is divided by 3169?
53
What is the remainder when 4898 is divided by 69?
68
Calculate the remainder when 29519 is divided by 229.
207
Calculate the remainder when 277236 is divided by 13.
11
Calculate the remainder when 18207 is divided by 10.
7
Calculate the remainder when 4857 is divided by 75.
57
Calculate the remainder when 392654 is divided by 16.
14
Calculate the remainder when 7765 is divided by 1336.
1085
What is the remainder when 10025 is divided by 4845?
335
What is the remainder when 1080 is divided by 107?
10
What is the remainder when 18611 is divided by 443?
5
What is the remainder when 19067 is divided by 3165?
77
Calculate the remainder when 656 is divided by 152.
48
Calculate the remainder when 11459 is divided by 1419.
107
What is the remainder when 14798 is divided by 35?
28
What is the remainder when 806 is divided by 171?
122
Calculate the remainder when 598722 is divided by 135.
132
Calculate the remainder when 419 is divided by 204.
11
What is the remainder when 42317 is divided by 60?
17
Calculate the remainder when 29104 is divided by 422.
408
Calculate the remainder when 62747 is divided by 50.
47
Calculate the remainder when 11944 is divided by 3964.
52
Calculate the remainder when 3033 is divided by 991.
60
What is the remainder when 12350 is divided by 514?
14
What is the remainder when 18172 is divided by 2864?
988
What is the remainder when 7807 is divided by 1830?
487
What is the remainder when 10149405 is divided by 272?
269
Calculate the remainder when 10870 is divided by 1810.
10
Calculate the remainder when 3151 is divided by 768.
79
Calculate the remainder when 88828 is divided by 259.
250
What is the remainder when 11735 is divided by 273?
269
What is the remainder when 680023 is divided by 220?
3
What is the remainder when 14261 is divided by 8?
5
Calculate the remainder when 2352 is divided by 1952.
400
Calculate the remainder when 1844610 is divided by 17.
8
What is the remainder when 3884 is divided by 1441?
1002
Calculate the remainder when 608871 is divided by 35.
11
Calculate the remainder when 1551 is divided by 79.
50
What is the remainder when 34065 is divided by 4858?
59
Calculate the remainder when 73789 is divided by 2948.
89
Calculate the remainder when 977 is divided by 221.
93
Calculate the remainder when 30854 is divided by 10278.
20
What is the remainder when 101709 is divided by 527?
525
Calculate the remainder when 261552 is divided by 47.
44
Calculate the remainder when 8171 is divided by 77.
9
What is the remainder when 7734 is divided by 75?
9
Calculate the remainder when 1907561 is divided by 7.
5
What is the remainder when 9249 is divided by 1605?
1224
What is the remainder when 626 is divided by 108?
86
Calculate the remainder when 8575 is divided by 1558.
785
What is the remainder when 1785 is divided by 387?
237
Calculate the remainder when 345 is divided by 223.
122
Calculate the remainder when 536 is divided by 426.
110
Calculate the remainder when 5772 is divided by 479.
24
Calculate the remainder when 46530 is divided by 110.
0
What is the remainder when 1430515 is divided by 520?
515
Calculate the remainder when 155446 is divided by 36.
34
Calculate the remainder when 273129 is divided by 27.
24
Calculate the remainder when 2133 is divided by 22.
21
Calculate the remainder when 10365 is divided by 87.
12
Calculate the remainder when 20721 is divided by 23.
21
Calculate the remainder when 880877 is divided by 80.
77
What is the remainder when 319174 is divided by 1116?
1114
Calculate the remainder when 2210 is divided by 220.
10
Calculate the remainder when 11687 is divided by 17.
8
What is the remainder when 1880 is divided by 139?
73
What is the remainder when 3312 is divided by 28?
8
What is the remainder when 104171 is divided by 868?
11
What is the remainder when 538 is divided by 124?
42
Calculate the remainder when 1951 is divided by 1933.
18
What is the remainder when 1302 is divided by 369?
195
What is the remainder when 24482 is divided by 48?
2
What is the remainder when 99882 is divided by 160?
42
Calculate the remainder when 8851 is divided by 4407.
37
Calculate the remainder when 2881574 is divided by 30.
14
Calculate the remainder when 213546 is divided by 394.
392
Calculate the remainder when 12543 is divided by 198.
69
Calculate the remainder when 21887 is divided by 46.
37
Calculate the remainder when 1132 is divided by 182.
40
Calculate the remainder when 328 is divided by 170.
158
Calculate the remainder when 63810 is divided by 164.
14
What is the remainder when 9595 is divided by 20?
15
Calculate the remainder when 14578 is divided by 7.
4
What is the remainder when 7983 is divided by 44?
19
What is the remainder when 6820 is divided by 73?
31
What is the remainder when 2798799 is divided by 100?
99
What is the remainder when 309292 is divided by 1970?
2
Calculate the remainder when 9073 is divided by 168.
1
Calculate the remainder when 368542 is divided by 1056.
1054
What is the remainder when 112967 is divided by 28223?
75
Calculate the remainder when 2384 is divided by 95.
9
Calculate the remainder when 230 is divided by 25.
5
Calculate the remainder when 1310 is divided by 476.
358
What is the remainder when 454921 is divided by 114?
61
Calculate the remainder when 170162 is divided by 238.
230
Calculate the remainder when 50590 is divided by 68.
66
What is the remainder when 38611 is divided by 49?
48
Calculate the remainder when 1235934 is divided by 26.
24
What is the remainder when 651839 is divided by 80?
79
Calculate the remainder when 101061 is divided by 5051.
41
Calculate the remainder when 480006 is divided by 74.
42
What is the remainder when 24317 is divided by 1745?
1632
Calculate the remainder when 127154 is divided by 83.
81
Calc